ose 3*w - w - m - 2297 = h, -m = -5. Is w a composite number?
False
Let c(f) = -39*f**3 + 4*f**2 - 2*f - 3. Let p be c(3). Let y = -473 - p. Is y prime?
False
Suppose -51*a + 49*a = 4*o - 206250, -4*o - 3*a = -206249. Is o composite?
False
Suppose -2*j - 7 = 4*m + 2057, 0 = 5*m + 20. Let d = 2757 + j. Is d a prime number?
True
Suppose 4*f + 222795 = -5*f. Let x(w) = -w**2 - 7*w + 2. Let b be x(-7). Is b/(-7) + f/(-35) composite?
True
Let s(q) = q**2 - 5*q - 4. Let p be s(6). Suppose -p*t - 8 = 2*t. Is -266*(1/t + 0) composite?
True
Suppose -112 + 44 = q. Let u = q + 78. Is u a composite number?
True
Suppose 0 = -22*z + 8*z + 21098. Is z a prime number?
False
Let b be ((-3326)/4)/((-9)/18). Suppose 491 - 2971 = 4*z. Let c = b + z. Is c composite?
True
Let l be (-3)/(12/(-28))*12. Is 1/(l/(-86) + 1) a prime number?
True
Is ((-43048)/(-32))/(4/16) a prime number?
True
Let r(t) = -t**3 + 4*t**2 - 6*t + 7. Let m be r(3). Is (19 - 22)/((6/641)/m) a composite number?
False
Let p = -1576 + 4827. Is p prime?
True
Suppose -g + 5*c = -13, 3*g - 5*c = -2*g + 25. Suppose g*t + 297 = -5*n, 115 = -0*n - 2*n - 5*t. Is ((-37)/2)/(6/n) prime?
False
Suppose -34*b + 1615 = -67031. Is b a composite number?
True
Let m = 50305 + -11402. Is m a composite number?
False
Suppose -17 + 62 = -5*o. Let l be (-90)/o*(-1188)/(-10). Suppose -7*s + l = -1535. Is s a composite number?
False
Suppose 3*j - 17 = h, -6*h + 2*j - 85 = -h. Is (6712/(-10))/(h/((-85)/(-2))) prime?
False
Let q(c) = c**2 + 7*c - 2. Let j be q(-10). Is (j - 7) + (3 - 5) a composite number?
False
Suppose -3*j - t = -6127 - 3501, 4*j + 4*t - 12840 = 0. Let a be j/6 - 1/(-6). Let c = a + -300. Is c composite?
True
Suppose -4*p + 27 = 7. Let h(k) be the second derivative of 17*k**3/6 - k**2 + 147*k. Is h(p) a composite number?
False
Suppose 4*f - 7*f + 198 = -4*w, 0 = w + 4*f + 40. Let r be ((-1)/(-2))/(8/w). Is -2*(r + (-287)/2) composite?
False
Suppose 4*v - 16097 = 3*v + 3*h, -3*h = -5*v + 80509. Is v a prime number?
True
Suppose -332 = -o - 3*z + 3228, -o + 5*z + 3552 = 0. Is o a prime number?
True
Suppose -4*c + 3575 = b - 9*c, -b - 4*c = -3611. Is b a prime number?
False
Suppose -k = -2337 + 188. Is k composite?
True
Let z = 20 - 15. Let k = z - 14. Let f(j) = -j**3 - 4*j**2 + 9*j - 5. Is f(k) prime?
False
Suppose 0 = 2*o - 36 + 14. Suppose -12*g + 251 = -o*g. Is g a prime number?
True
Let v be 240/5 + (-3)/1 + -1. Is ((-3707)/v)/(2/(-56)) composite?
True
Suppose 34167 = 3*p + 3*u, p + 4*u - 11383 = -0*u. Is p a composite number?
True
Let b be (-2)/(-7) + 25868/14. Suppose -2*m + b = 624. Let w = -325 + m. Is w composite?
True
Let n(d) = 3*d**2 + 7*d + 2. Let f be n(-3). Is 2/(-3)*(-276)/f a composite number?
False
Suppose 92*j - 1011 = 89*j. Is j prime?
True
Is (-2 - -3)*(-41337)/(-9) a prime number?
False
Let h = 9360 + -4996. Let w be h/(-6) + 6/(-9). Let c = -355 - w. Is c composite?
False
Let s = 1448 - 1000. Let o = s + 297. Is o a prime number?
False
Suppose 11*z = 6*z + 10. Suppose 680 = -45*j + 37*j. Is (-1)/z*(j + -7) a composite number?
True
Suppose -2*h - 2*j = -6*j - 44, 12 = -4*j. Is -499*4*(-4)/h a composite number?
False
Suppose -103*a + 100*a = -29061. Is a a composite number?
True
Let l = 602 - 271. Let s be -45*((-4)/10 + (-48)/(-15)). Let p = s + l. Is p a composite number?
True
Suppose -7772 = 22*a - 26*a. Is a prime?
False
Let w(d) = -d**3 + 22*d**2 - 11*d + 7. Is w(10) composite?
False
Let y(o) = o**3 + o**2 - o - 6. Is y(7) a prime number?
True
Let x be (-2)/(-10)*-56 + 4/20. Let b(w) = -w**3 - 9*w**2 + 15*w - 10. Is b(x) prime?
True
Suppose -57 = -9*v + 10*v. Let f = -590 + v. Let s = f - -921. Is s a composite number?
True
Suppose 3*w = 8*w - 10. Let d be (374 + 2)*1/w. Suppose -3*y + 5*f = -2*y - d, 5*y - 790 = -5*f. Is y a composite number?
False
Let d(c) = -1204*c - 19. Is d(-3) a composite number?
False
Let t(v) be the third derivative of v**7/2520 + v**6/144 + v**5/8 + 5*v**4/24 - 14*v**2. Let a(g) be the second derivative of t(g). Is a(-9) a composite number?
True
Let o be ((-10)/6 + 2)*0. Suppose o = -u - 4*u. Suppose u*k + 1030 = 5*k. Is k a prime number?
False
Let r(m) = m + 24. Let s be r(-22). Suppose -3730 = -5*x - 3*g, -7*x = -s*x - 5*g - 3690. Is x a composite number?
False
Is (60/(-45))/(((-48)/(-2763))/(-4)) composite?
False
Suppose 561*w - 9544 = 553*w. Is w composite?
False
Suppose -20*a - 1 = -21*a. Let z(l) = 12*l**2 - l + 1. Let t be z(a). Is ((-62)/(-4))/(t/24) a composite number?
False
Suppose -2*d - 2*d - 4*o = 0, 5*d - 5*o + 40 = 0. Let k be d*(-5)/8*2. Suppose k*h + 490 - 2225 = 0. Is h a composite number?
False
Let d(s) = -s**2 - 6*s + 7. Let u be d(-6). Suppose 0 = -5*n + 3 + u. Suppose n*w = -5*k + 153, 5*w - 19 = 3*k + 379. Is w a composite number?
False
Let y = 18899 - 198. Is y a prime number?
True
Let m(g) = 1908*g + 3. Let j be m(1). Suppose -5*l + 3189 = 4*u, -3*u = 3*l - 0*l - j. Is l composite?
False
Suppose 4*v + 3*j - 5309 = 0, -v - 2*v + 3983 = 2*j. Suppose q + 434 = 3*p - 1588, -v = -2*p - 5*q. Is p a prime number?
True
Let i = -20 - -20. Suppose 2*t - 5*t + 429 = i. Is t prime?
False
Suppose -7*f = 3*f - 1596770. Is f a prime number?
False
Is 16 + -9 + 14998 + 8 prime?
True
Let f(i) = i**3 - 15*i**2 + i - 13. Let n be f(15). Suppose n*b - 379 = 91. Is b prime?
False
Suppose 2*x - 8245 = s, -4*x + 7023 = -3*s - 9470. Is x a prime number?
False
Let u(i) = -9*i + 21. Let w be u(-13). Suppose -w = 4*k - 758. Is k a prime number?
False
Let o(w) = 3*w**2 + 12*w - 3. Let r be o(-11). Let m = r + 143. Is m composite?
True
Suppose -2*g + 5*z = 4*z + 11, 0 = 2*g + 3*z - 1. Let a(s) = -s**3 + 5*s**2 + 2*s - 1. Let o be a(g). Suppose n = c + 5*n - o, 4*c + 2*n - 568 = 0. Is c prime?
False
Suppose 0*w = -w - 2*s + 299, 5*w = s + 1539. Let h = -162 + w. Suppose 4*c = 131 + h. Is c a prime number?
False
Suppose 0 = 2*r - 2*w - 3660, 0*w = w. Suppose -2*h = 4*p + 4210, r = -5*p - 3*h - 3430. Is (-6)/8 - p/4 a composite number?
False
Suppose 4*c = 9*c - 41585. Is c prime?
True
Suppose c - 5 + 3 = -4*i, 2*c = 3*i - 7. Let m(t) = -22*t - 33*t + i - 2. Is m(-6) a prime number?
False
Let w(l) = 2*l + 3 - 11 - l + l. Let t be w(6). Is (0 - 1/t)*-92 composite?
False
Let n be (99 - 3) + (-2 - 1). Suppose -y + 1274 = -4*w + n, 2362 = 2*y + 2*w. Is y a prime number?
True
Is (-2736)/(-4) + (-28)/4 composite?
False
Suppose 8*g = 3*g - o + 37250, 0 = g + 4*o - 7431. Is g composite?
False
Suppose 5*r - 4 = r. Let a(q) be the second derivative of 223*q**5/10 - q**4/6 + q**3/6 + q. Is a(r) a prime number?
False
Let t = 10 + -7. Suppose -t*q + 4 = -5. Suppose g = 3*x - 266, g = 4*g - q. Is x prime?
True
Let a = 468 - -1230. Suppose -k - 5*b + a = 0, -5*k - b - 2*b = -8380. Is k a prime number?
False
Suppose 8*t + 32 = -8. Let q(p) be the first derivative of p**3 - p**2/2 + 3*p + 1. Is q(t) a prime number?
True
Let d = -688 - -975. Suppose -4*v + 4975 = d. Suppose 5*i - i = v. Is i composite?
False
Let l = 104 + -104. Let w(q) be the first derivative of -q**3/3 - q**2/2 + 377*q + 1. Is w(l) a prime number?
False
Suppose -2*h + 64 = -0*h. Let x be -1 - (3 - 1 - h). Let w = x - 10. Is w composite?
False
Suppose -2*v + 0*d + 2*d = -6, 0 = -3*v + d + 3. Suppose 5*o - 25 = v, 3*n = 4*n + o - 5. Suppose n*c + 2*c = 6. Is c prime?
True
Suppose -i = 3*i - 24. Let p be (-2)/7 - (-5)/((-140)/(-16248)). Suppose -2*w + i*w - p = 0. Is w a prime number?
False
Let d(s) = 2036*s**2 - 19*s + 43. Is d(2) a composite number?
True
Suppose -r - 3*h = -5, 2*h = -r + 4*h. Suppose 2*a - 6*a + 96 = 5*w, 0 = r*a - w - 34. Is a a prime number?
True
Suppose -2314 - 2574 = -8*k. Is k prime?
False
Let f = -21 + 13. Let v(q) = -2*q + 7. Let t(i) = -2*i + 7. Let o(u) = -5*t(u) + 6*v(u). Is o(f) a composite number?
False
Let l be 1 + 12/(-4) - 1/(-1). Suppose -2*h = 3*q - 6, -q + 4 = -h + 2. Is (-3 - -49) + (q - l) composite?
True
Let s(l) = -4*l - 8577. Let a be s(0). Let b = a + 12410. Suppose -b = f - 2*f. Is f prime?
True
Let j(o) = 8*o**2 + 12*o - 15. Suppose -74 - 58 = 6*m. Is j(m) composite?
False
Let x(n) = -252*n**3 + n. Suppose -5*i = -2*i - 42. Let z be -2*(i/4 - 3). Is x(z) a prime number?
True
Let t(c) = c + 11. Let d be t(-6). Suppose 0 = 2*v + 3*w - 430, -d*v = w - 1002 - 99. Is v 